base 5, what is 241210000 - 4?
241204441
In base 7, what is 1352 + -234?
1115
In base 15, what is -10 + 6d8?
6c8
In base 10, what is 116 + 387?
503
In base 11, what is -168 + 690?
523
In base 8, what is -26316 - 1007?
-27325
In base 4, what is 3102 + 2130?
11232
In base 4, what is 112210102 + 30?
112210132
In base 13, what is -77 + 3cc7?
3c50
In base 8, what is -4 + -1351044?
-1351050
In base 3, what is 22001000021 - -2?
22001000100
In base 7, what is 5 + -546142?
-546134
In base 3, what is -1122022210 + -2?
-1122022212
In base 13, what is 41 + -b01?
-a90
In base 6, what is 2115 - -32154?
34313
In base 4, what is -11 + -1000321?
-1000332
In base 6, what is -1201 + -20143?
-21344
In base 16, what is -48eb - 3?
-48ee
In base 12, what is -16 - -1a08?
19b2
In base 15, what is 6b + 2906?
2972
In base 6, what is 231 + -22042?
-21411
In base 8, what is -2312 + 5?
-2305
In base 3, what is -1020 - 21112021?
-21120111
In base 7, what is -2264532 + 3?
-2264526
In base 16, what is -5234 - 4?
-5238
In base 5, what is -112 + -401331?
-401443
In base 14, what is -328 + 46a?
142
In base 15, what is -63 - 189b?
-190e
In base 9, what is -4351 + 13?
-4337
In base 16, what is 51 + -1047?
-ff6
In base 2, what is 1101 + -101001000010101100?
-101001000010011111
In base 6, what is 131425 + -142?
131243
In base 3, what is 10101 - -211121?
221222
In base 3, what is -1022002 + -1100?
-1100102
In base 2, what is -1001011 + -1010111101?
-1100001000
In base 9, what is -418374 + -4?
-418378
In base 12, what is -36 + 164?
12a
In base 15, what is 0 + 4c4b?
4c4b
In base 2, what is -110011001010000 + -10111?
-110011001100111
In base 10, what is 58606 - -2?
58608
In base 12, what is 1 + 47649?
4764a
In base 8, what is 2634441 - -14?
2634455
In base 2, what is 1 - -101010111111001?
101010111111010
In base 4, what is 20203 - 2?
20201
In base 4, what is 120311311 + -30?
120311221
In base 7, what is 146 - 142430?
-142251
In base 8, what is -3326 - -112?
-3214
In base 6, what is 114153 + -24?
114125
In base 6, what is -34524 - 12?
-34540
In base 14, what is 26 - 10b?
-c5
In base 2, what is 11001011 - -101?
11010000
In base 3, what is 0 - -11212101222?
11212101222
In base 16, what is 3 - -19ea?
19ed
In base 7, what is -26604 + 140?
-26434
In base 10, what is -528 - 22?
-550
In base 7, what is -1 + 31623?
31622
In base 8, what is -1517 + -6?
-1525
In base 7, what is -200603 - -5?
-200565
In base 11, what is 3 + 435810?
435813
In base 15, what is 5 - 1bd1a6?
-1bd1a1
In base 15, what is -1dab - 8?
-1db4
In base 12, what is -31b954 + -4?
-31b958
In base 5, what is 214004 - 3323?
210131
In base 11, what is -15 - -1885?
1870
In base 7, what is 26 + 4122?
4151
In base 15, what is -21610 + 2?
-2160d
In base 12, what is -1144 + 43?
-1101
In base 13, what is 0 - 17b71?
-17b71
In base 13, what is 2607 + b5?
26bc
In base 6, what is -452 - -2232?
1340
In base 16, what is 2cdc7 + -5?
2cdc2
In base 6, what is 143410 - 334?
143032
In base 16, what is 1 + 4efd?
4efe
In base 14, what is 41 - -c3a7?
c408
In base 4, what is 1 + 11203200222?
11203200223
In base 15, what is -1 + -4d90?
-4d91
In base 16, what is -19 + -4047?
-4060
In base 13, what is -7a + -27?
-a4
In base 6, what is 33440 + -330?
33110
In base 9, what is 1 - 88153?
-88152
In base 12, what is -44276 - -5?
-44271
In base 14, what is 9bb618 + 4?
9bb61c
In base 9, what is 5 + 10830?
10835
In base 11, what is 224 - -1428?
1651
In base 10, what is -312 - 2?
-314
In base 3, what is 10112 - -20112?
101001
In base 7, what is -3 - 100325?
-100331
In base 6, what is 11213304 + -2?
11213302
In base 13, what is -308 - 690?
-998
In base 8, what is 7 - 2437?
-2430
In base 12, what is -203a0 - -4?
-20398
In base 15, what is -35 - 27d?
-2b3
In base 16, what is 2781f5 + 4?
2781f9
In base 2, what is 111010111 + -10000110000?
-1001011001
In base 14, what is -2305 - -3?
-2302
In base 12, what is -60 + 9303?
9263
In base 4, what is -1332 - -2110101?
2102103
In base 2, what is 110 + -10110110001001110?
-10110110001001000
In base 7, what is 5232 - -4?
5236
In base 14, what is -8b8 + a?
-8ac
In base 16, what is -1 - -dc9?
dc8
In base 9, what is 0 - -223354?
223354
In base 16, what is 167 + -67?
100
In base 16, what is 3 + -1468?
-1465
In base 7, what is -20630 - 3?
-20633
In base 7, what is 312 - -2105?
2420
In base 4, what is 3 + -2103020?
-2103011
In base 3, what is -11020000102 + -122?
-11020001001
In base 5, what is -1403 - 1431?
-3334
In base 13, what is 11c - 146?
-27
In base 9, what is 10 + 472043?
472053
In base 9, what is 58 - -25130?
25188
In base 3, what is 10 + -211102112220?
-211102112210
In base 14, what is 1b25 - 1?
1b24
In base 6, what is -2024 + -11235?
-13303
In base 12, what is -6 - 3b44b?
-3b455
In base 11, what is 1927 + -279?
1659
In base 11, what is 151 + -747?
-5a6
In base 13, what is 5 - -5493?
5498
In base 6, what is -44434 - -5?
-44425
In base 2, what is -1010111101001010 + 11?
-1010111101000111
In base 10, what is 124840 + 3?
124843
In base 9, what is -1362826 + 2?
-1362824
In base 12, what is 742 - 18?
726
In base 15, what is -3 + 14d08?
14d05
In base 7, what is 11 - 151053?
-151042
In base 15, what is -506c - a?
-5077
In base 6, what is -310300 - -13?
-310243
In base 14, what is 26 + 270c?
2734
In base 2, what is -1010111 + 100010000100?
100000101101
In base 7, what is -1 + 5524614?
5524613
In base 3, what is -1000211111 - 10?
-1000211121
In base 3, what is 12 - -10102012122?
10102012211
In base 10, what is 1104245 - -6?
1104251
In base 16, what is 3 - 76db5?
-76db2
In base 4, what is -1211323 + -322?
-1212311
In base 12, what is -66b66 - 11?
-66b77
In base 16, what is 1f6fe - 2?
1f6fc
In base 6, what is -103 + 14001?
13454
In base 7, what is -136 - 33?
-202
In base 8, what is -10164 + -7?
-10173
In base 12, what is 52 - 6062?
-6010
In base 12, what is -181951 - 4?
-181955
In base 15, what is 2 - 29784?
-29782
In base 6, what is -340345 + -2?
-340351
In base 13, what is 44208 - c?
441c9
In base 14, what is -2a - -20dcc?
20da2
In base 12, what is 35 + -2917?
-28a2
In base 7, what is -130354 - -3?
-130351
In base 12, what is -2994a + -2?
-29950
In base 7, what is 111540 + 6?
111546
In base 6, what is 0 - -423000?
423000
In base 12, what is -3821 + 3?
-381a
In base 2, what is -101 - -11110100000000?
11110011111011
In base 9, what is 41722 - -10?
41732
In base 14, what is 7 - -41982?
41989
In base 8, what is 3 + 446367?
446372
In base 10, what is 97 - -1964?
2061
In base 4, what is -101 - 1232130?
-1232231
In base 12, what is -113 + 8bb?
7a8
In base 7, what is -110 - 3235?
-3345
In base 7, what is 132 - 4356?
-4224
In base 5, what is -2 + 1142240?
1142233
In base 11, what is -a793 - -31?
-a762
In base 16, what is -14 - -2d1?
2bd
In base 9, what is 67278 - -3?
67282
In base 9, what is -1245030 + 0?
-1245030
In base 3, what is -202 - -102022011?
102021102
In base 2, what is 1110 - 10100001011011?
-10100001001101
In base 5, what is -24414444 + 11?
-24414433
In base 10, what is 269928 - -4?
269932
In base 9, what is 1 - -278107?
278108
In base 3, what is 2112211 - -112?
2120100
In base 3, what is 1220 + -1111200110?
-1111121120
In base 16, what is e57 - 69?
dee
In base 8, what is -50 - -61765?
61715
In base 16, what is 3f38 + -e?
3f2a
In base 6, what is -1212355 - -13?
-1212342
In base 4, what is -131 - -102230022?
102223231
In base 11, what is 1792 + 32?
1814
In base 6, what is 1402 + -2114?
-312
In base 4, what is -121212201 - 11?
-121212212
In base 5, what is 3243043 + -3?
3243040
In base 15, what is 43c6 + -7?
43be
In base 12, what is -84 + 8b3?
82b
In base 4, what is 120012113 - -11?
120012130
In base 16, what is -feff - 2?
-ff01
In base 14, what is 12413 + 0?
12413
In base 7, what is 102 - 15223?
-15121
In base 6, what is 14331 - -130?
14501
In base 9, what is 4 - 4266?
-4262
In base 3, what is 2 - 11100101110?
-11100101101
In base 12, what is 7 + 3836?
3841
In base 9, what is 4 - -40785?
40800
In base 11, what is -3 + 13940?
13938
In base 4, what is 11100 - -1132?
12232
In base 13, what is -188252 - 3?
-188255
In base 2, what is 11111001000100001 + -1?
11111001000100000
In base 9, what is -3 - 31205?
-31208
In base 4, what is -2 + -212031031?
-212031033
In base 11, what is 370955 + 4?
370959
In base 9, what is 3 + 23437?
23441
In 